+ (-2)/7 is divided by t?
5
Let v(d) = -d**3 + 7*d**2 + 3*d - 13. Calculate the remainder when 31 is divided by v(7).
7
Suppose -3*n + a + 52 = 0, 5*n + 108*a - 76 = 107*a. Calculate the remainder when 3693 is divided by n.
13
Let g(l) = -4*l + 7. Let p be g(1). Suppose -p*v = -84 - 30. Calculate the remainder when v is divided by 13.
12
Suppose -4*i = -65 - 23. Suppose 3*y + 3*m - 24 = 0, 4*m - 20 = 32*y - 34*y. What is the remainder when i is divided by y?
4
Calculate the remainder when 1077 is divided by (-2 + -8 + 0)*(-2349)/174.
132
Let m = 51 + -42. What is the remainder when m is divided by 2?
1
Suppose -2*s = 10, 6*s - s + 415 = 5*k. Let l = k - 70. Suppose f - 30 = -f. Calculate the remainder when f is divided by l.
7
Let p(m) = 26*m - 123. What is the remainder when 98 is divided by p(6)?
32
Suppose -249*g + 84 = -245*g. What is the remainder when 120 is divided by g?
15
Let h = 5742 + -4022. Calculate the remainder when h/30 + (-1)/3 is divided by 15.
12
Suppose -58*x + 4235 = -3*x. Calculate the remainder when 383 is divided by x.
75
What is the remainder when 2*-1*((-69)/2 + 7) is divided by 7?
6
Let h be (7/(-3))/(4/(-12)). Suppose -4*r - 4*m + 656 = 0, -2*r - 3*m - 828 = -h*r. What is the remainder when r/5 - (-2 + 0) is divided by 18?
17
Let v(s) = s**3 + 13*s**2 + 2*s + 2. Let z be v(-6). Suppose -4*g - 30 = -z. Let q = g + -20. Calculate the remainder when 97 is divided by q.
31
Let c(o) = -56*o + 8. Let g = 100 + -102. What is the remainder when c(g) is divided by 31?
27
Suppose 4*w + 2*u = 122, 14*u + 9 = 17*u. What is the remainder when 113 is divided by w?
26
Let i(b) = b**3 + 12*b**2 + 13*b + 27. Let c be i(-11). Suppose 0*o - 4*o = 3*k - 26, o + 51 = c*k. What is the remainder when 88 is divided by k?
8
Suppose -4*b - 30 = -4*n + 14, -39 = -3*n + 5*b. Suppose z + 4*t + 47 = 2*z, -2*z + 2*t + 70 = 0. Calculate the remainder when z is divided by n.
7
Suppose 5*a + m = 138, -5*a - 4*m - 5 = -152. Let v be 126/a + 2/6. Suppose 10 = v*n - 5. What is the remainder when n is divided by 2?
1
Suppose 4 = 10*u - 9*u. Suppose 0 = -u*r - 0 + 28. What is the remainder when 12 is divided by r?
5
Let f = 1377 - 508. Suppose 0 = -16*c + 523 + f. What is the remainder when c is divided by 24?
15
Suppose 47 = -l + 2*l + 5*s, -2*l + 64 = 4*s. Let y(i) = -i**3 - 18*i**2 + 2*i + 8. Calculate the remainder when l is divided by y(0).
6
Suppose 0 = -11*r + 8*r + 15. Suppose r*y - 26 = 2*h - 6*h, -2 = 3*y - 2*h. Suppose -4 - y = -i. Calculate the remainder when 9 is divided by i.
3
Suppose 0 = -48*k - 51*k + 17721. What is the remainder when k is divided by 46?
41
Let r be 108/8*6/9. Let g = r + -15. Calculate the remainder when 58 is divided by (-6)/(-18) + (-88)/g.
13
Suppose 5*p - 78 = -2*f, 55 = 4*p - 3*f + 11. Calculate the remainder when 51 is divided by p.
9
Suppose -1 = -3*w - 4. Let o = -680 - -693. What is the remainder when o is divided by (2/6)/(w/(-21))?
6
Let c(w) = 50*w + 439. Calculate the remainder when c(-8) is divided by 30.
9
Suppose -2*y - 5*b + 104 = 0, -y + 106 = 2*y - 5*b. Let x = 64 + -42. Suppose 2*l - x = -0*l. Calculate the remainder when y is divided by l.
9
Let r(m) = 5*m**2 + 2*m + 1. Suppose -3*s - 2*w - 137 = -6*s, 0 = -2*s + 5*w + 106. Calculate the remainder when r(-6) is divided by s.
40
Let l = -9 + 8. Calculate the remainder when 60 is divided by (3 + (3 - 9))/(l/3).
6
Let t = -3 - -15. Suppose t*j - 16 = 10*j. Calculate the remainder when 3*-40*(-4)/j is divided by 21.
18
Suppose -4*f + 20 = 0, -2*s - 2*s + 5*f - 29 = 0. Let b(i) = -i - 11. Calculate the remainder when b(-19) is divided by (s/2)/((-1)/8).
0
What is the remainder when 78 is divided by -6 + 3 - (1 - 14)?
8
Let x = -8 + 31. Suppose 3*d + x = 4*d. Calculate the remainder when d + -2 - (-6)/(-2) is divided by 10.
8
Suppose 72 = -55*w + 61*w. Calculate the remainder when w is divided by 6.
0
Let b be 5*(0 - 6/10). Suppose 0 = -0*i - 2*i - 54. Calculate the remainder when b + -1*(2 + i) is divided by 12.
10
Calculate the remainder when 455 is divided by (960/(-180))/((-2)/9).
23
Let n(g) = g**2 + g - 2. Let h be n(-2). Suppose 9 = a - 3*t, h*t = -a - 3*t + 9. What is the remainder when 24 is divided by a?
6
Suppose -1 = -k + 3*f + 24, k - 45 = -f. What is the remainder when k is divided by 11?
7
Suppose 3*s - 85 = -2*l + 121, -3*l = -5*s - 309. Suppose -4*w = -4*r + 322 - 438, 3*w - 4*r = 81. Calculate the remainder when l is divided by w.
33
Let v = -183 + 189. Calculate the remainder when 34 is divided by v.
4
Let x(w) = w**3 + 6*w**2 - 30*w - 21. Let a be -2 - -4 - (-5)/(-1). Calculate the remainder when 9*(-3)/a*1 is divided by x(-9).
3
Suppose -11*b + 38 = 27. What is the remainder when 75 is divided by b?
0
Suppose -2*i = 4*p - 52, -65 = -5*p - 3*i + 8*i. What is the remainder when p is divided by ((-14)/8)/(22/(-88))?
6
Let c = 15 + -2. Calculate the remainder when 45 - (c/(-39))/(2/(-24)) is divided by 22.
19
Let w(m) = -22*m - 2. Let p be w(2). Suppose -7 = l + 6. Let y = l - p. What is the remainder when y is divided by 12?
9
Let g = -333 - -750. What is the remainder when g is divided by 60?
57
Suppose -2*c = -2*z - 9 - 63, 4*c = -2*z + 162. What is the remainder when c is divided by (-728)/(-105) + -7 + 3310/150?
17
Let x(k) = 7*k**2 - k + 5. Let p(s) = -10*s**2 + s - 8. Let c(y) = -5*p(y) - 7*x(y). Suppose 8 = -4*r - 12. What is the remainder when c(r) is divided by 7?
6
Suppose -8*k = -11*k + 2*z + 67, 2*k = 2*z + 48. What is the remainder when 39 is divided by k?
1
Suppose -17 = 2*y - 3*y. Let g = 63 + 53. Calculate the remainder when g is divided by y.
14
Calculate the remainder when 223 is divided by 0 + 32 + -2 + 15 + -13.
31
Let q = 118 + -71. Calculate the remainder when q is divided by 10.
7
Suppose 4*k = 355 + 181. What is the remainder when k is divided by 23?
19
Let p(z) = 23*z**3 - 3*z**2. Let t be p(2). Suppose 5*b - 430 = 4*q, 0*q = -2*b - q + t. Suppose 2*s = b + 40. Calculate the remainder when s is divided by 16.
15
Suppose 4*b = 5*h - 7, 0 = -2*h - 0*b + 2*b + 2. Calculate the remainder when h - -163 - (-1 - -4) is divided by 33.
31
Let x(h) = -15*h**2 + 5*h**2 + 8 - 2*h**2 - h**3 + h. Let w be x(-12). Let i = -2 - w. What is the remainder when 5 is divided by i?
1
Let h(p) = -p**3 - p**2 - p - 16. Let y be h(0). Let f = y + 27. Let k = 31 - 12. What is the remainder when k is divided by f?
8
Let c be (135/(-6))/(1/(-2)). Suppose 13*b - 71 + 19 = 0. Suppose 39 + c = b*s. What is the remainder when 40 is divided by s?
19
Let m be 6/12*0/(-2). Let w = 10 + -148. Calculate the remainder when 43 is divided by -1 + m - w/6.
21
Let y = -53 + 53. Suppose -5*d + 26 + 19 = y. Calculate the remainder when 79 is divided by d.
7
Let q = -49 + 58. Suppose 28 = q*y - 161. Suppose 2*a = -h + 82, 4*a = h - 0*h + 152. Calculate the remainder when a is divided by y.
18
Let x(t) = 2*t**3 - 3*t**2 + 3*t - 2. Suppose -2*r + 23 = -i, r + 2*i - 9 = 5. Calculate the remainder when x(3) is divided by r.
10
Let s = 70 - 74. Let r(d) = -10*d - 30. What is the remainder when 13 is divided by r(s)?
3
Let j = -154 + 271. Suppose -3*k + 5*u = -j, 5*u = k + 3*u - 40. What is the remainder when 134 is divided by k?
32
Suppose -88 = 4*a + 76. Let n = a + 68. Calculate the remainder when 50 is divided by n.
23
Suppose -2*h + 25*h = 253. What is the remainder when 13 is divided by h?
2
Let c(i) = 49*i + 313. Calculate the remainder when c(-3) is divided by 60.
46
Suppose -4*j + 13 = -d, -3*j = -7*d + 3*d. Let k be (-14 + -2)*(-2)/j. Suppose -3*a + k*a = 55. What is the remainder when 30 is divided by a?
8
Suppose -4*a + 210 = a + 5*z, -5*z = -5*a + 180. Calculate the remainder when 388 is divided by a.
37
Let a be ((-2)/(-5))/((-12)/60). Let y(g) = -9*g**3 + g**2 + 3*g + 1. Calculate the remainder when y(a) is divided by 24.
23
Let h(k) = -k**2 - k - 15. Let b(s) = -s. Let t(a) = -2*b(a) - h(a). Calculate the remainder when t(5) is divided by 29.
26
Let c be (-2)/(-1*8/20). Suppose -310 = c*o + 295. Let h = 180 + o. Calculate the remainder when h is divided by 15.
14
Let f(l) = -l + 2*l**3 - 1 - 2 - 2*l - 3*l**2. Calculate the remainder when f(3) is divided by (-5 - -8)*(4 - 1).
6
Let f = 128 + -30. Calculate the remainder when 587 is divided by 